{"id":118,"date":"2025-08-07T17:19:59","date_gmt":"2025-08-07T15:19:59","guid":{"rendered":"https:\/\/westliches-tantra.de\/shivas-power\/?page_id=118"},"modified":"2025-08-08T17:08:17","modified_gmt":"2025-08-08T15:08:17","slug":"das_geschenk_der_fuelle","status":"publish","type":"page","link":"https:\/\/westliches-tantra.de\/shivas-power\/das_geschenk_der_fuelle\/","title":{"rendered":"Das Geschenk der F\u00fclle"},"content":{"rendered":"\n<h1 class=\"wp-block-heading\">Das Geschenk der F\u00fclle \u2013 Ein tantrischer Blick auf Reichtums- und Armutsbewusstsein<\/h1>\n\n\n\n<p>Aus tantrischer Sicht ist wahres Wachstum untrennbar mit dem Fluss von Geben und Empfangen verbunden, denn wir erkennen, dass wir alle Teil eines gr\u00f6\u00dferen Ganzen sind. Wenn wir uns in diesem Fluss sicher und gehalten f\u00fchlen, entwickelt sich ein tiefes Vertrauen in das Leben, in unsere Mitmenschen und in uns selbst. Dies ist die Basis f\u00fcr ein Reichtumsbewusstsein, bei dem wir Gro\u00dfz\u00fcgigkeit als Weg zur Verbundenheit erfahren. Wer in F\u00fclle denkt, \u00f6ffnet sein Herz und seine H\u00e4nde, weil er sp\u00fcrt, dass jeder Akt des Gebens in einem universellen Kreislauf wieder zu einem selbst zur\u00fcckkehrt \u2013 sei es in Form von bereichernden Begegnungen, neuen M\u00f6glichkeiten oder inspirierten Ideen.<\/p>\n\n\n<div class=\"wp-block-image\">\n<figure class=\"aligncenter size-full is-resized\"><img loading=\"lazy\" decoding=\"async\" width=\"1024\" height=\"585\" src=\"https:\/\/westliches-tantra.de\/shivas-power\/wp-content\/uploads\/sites\/9\/2025\/08\/fuelle.png\" alt=\"\" class=\"wp-image-157\" style=\"width:597px;height:auto\" srcset=\"https:\/\/westliches-tantra.de\/shivas-power\/wp-content\/uploads\/sites\/9\/2025\/08\/fuelle.png 1024w, https:\/\/westliches-tantra.de\/shivas-power\/wp-content\/uploads\/sites\/9\/2025\/08\/fuelle-300x171.png 300w, https:\/\/westliches-tantra.de\/shivas-power\/wp-content\/uploads\/sites\/9\/2025\/08\/fuelle-768x439.png 768w, https:\/\/westliches-tantra.de\/shivas-power\/wp-content\/uploads\/sites\/9\/2025\/08\/fuelle-600x343.png 600w\" sizes=\"auto, (max-width: 1024px) 100vw, 1024px\" \/><\/figure>\n<\/div>\n\n\n<p>Demgegen\u00fcber entsteht Armutsbewusstsein, wenn wir uns von der Angst leiten lassen, nicht genug zu bekommen oder etwas Wesentliches zu verlieren. In diesem Mangeldenken halten wir zwanghaft an Ressourcen fest und verpassen wertvolle Chancen zur Entfaltung und Begegnung. Gerade im tantrischen Kontext zeigt sich, dass wir dadurch den Kontakt zu unserer eigenen Lebenskraft einschr\u00e4nken. Wer den Mangel im Inneren n\u00e4hrt, schneidet sich unbewusst von der universellen F\u00fclle ab und kann nicht in die Kraft des authentischen Miteinanders eintauchen.<\/p>\n\n\n\n<p>Tantra lehrt uns, dass F\u00fclle nicht nur eine geistige Haltung, sondern auch eine konkrete Erfahrung in unserem Alltag ist, die wir in jedem Moment n\u00e4hren k\u00f6nnen. Wenn wir Geld als eine Form von Energie begreifen, erkennen wir, dass das bewusste Umgehen damit ein wesentlicher Teil unseres spirituellen Weges ist. Es geht darum, nicht in die Falle der blo\u00dfen Gewinnmaximierung zu tappen, sondern Geld als Werkzeug zu verstehen, das uns unterst\u00fctzt und mit unserer Umgebung verbindet. Wer sich auf diese Weise \u00f6ffnet, sp\u00fcrt, dass ein tiefer Dialog mit dem Universum entsteht, in dem wir vertrauensvoll geben, weil wir wissen, dass auch f\u00fcr uns gesorgt ist. Dieses Vertrauen gleicht einem st\u00e4ndigen Tanz mit dem Leben, in dem sich der Ausgleich von Geben und Nehmen wie von selbst einstellt.<\/p>\n\n\n\n<p>Wer eine solche Haltung kultiviert, wird feststellen, dass sich auch die Wahrnehmung von Wert ver\u00e4ndert. Pl\u00f6tzlich geht es nicht mehr nur um \u00e4u\u00dfere Ma\u00dfst\u00e4be oder Preisschilder, sondern um Resonanz, Dankbarkeit und die Bereitschaft, sich vom Fluss der universellen Energie tragen zu lassen. Dieses Hingeben an die nat\u00fcrliche Ordnung des Lebens f\u00f6rdert ein v\u00f6llig neues Empfinden f\u00fcr den eigenen Wert und f\u00fcr das Geschenk, das wir jeder Gemeinschaft anbieten d\u00fcrfen. In dieser inneren Ausgeglichenheit entwickelt sich ganz von selbst ein Gesp\u00fcr daf\u00fcr, wann und wie viel wir geben m\u00f6chten, weil wir f\u00fchlen, dass wir immer eingebettet sind in die F\u00fclle, die uns umgibt.<\/p>\n\n\n\n<p>Um diese Erfahrung von F\u00fclle direkt zu vermitteln, bieten wir unsere\u00a0<a href=\"https:\/\/westliches-tantra.de\/shivas-power\/der-tantrische-mann-training-fuer-authentische-maennlichkeit\/\">M\u00e4nnerseminare\u00a0<\/a>auf der Basis von Wertsch\u00e4tzung an. Anstatt einen festen Betrag vorzugeben, \u00f6ffnen wir den Raum daf\u00fcr, dass jeder Teilnehmer am Ende unseres Seminars selbst entscheidet, welches Ma\u00df an Ausgleich dem Erlebten und den eigenen finanziellen M\u00f6glichkeiten entspricht. So entsteht eine Kultur des Augenh\u00f6he, in der es nicht um die Angst vor Verlust, sondern um ein freudiges Miteinander geht, in dem wir uns gegenseitig n\u00e4hren und wachsen lassen. Auf diese Weise wird Geld zu einer Br\u00fccke, die uns verbindet, anstatt zu einer Barriere, die uns trennt.<\/p>\n","protected":false},"excerpt":{"rendered":"<p>Das Geschenk der F\u00fclle \u2013 Ein tantrischer Blick auf Reichtums- und Armutsbewusstsein Aus tantrischer Sicht ist wahres Wachstum untrennbar mit dem Fluss von Geben und Empfangen verbunden, denn wir erkennen, dass wir alle Teil&#46;&#46;&#46;<\/p>\n","protected":false},"author":1,"featured_media":0,"parent":0,"menu_order":0,"comment_status":"closed","ping_status":"open","template":"","meta":{"_EventAllDay":false,"_EventTimezone":"","_EventStartDate":"","_EventEndDate":"","_EventStartDateUTC":"","_EventEndDateUTC":"","_EventShowMap":false,"_EventShowMapLink":false,"_EventURL":"","_EventCost":"","_EventCostDescription":"","_EventCurrencySymbol":"","_EventCurrencyCode":"","_EventCurrencyPosition":"","_EventDateTimeSeparator":"","_EventTimeRangeSeparator":"","_EventOrganizerID":[],"_EventVenueID":[],"_OrganizerEmail":"","_OrganizerPhone":"","_OrganizerWebsite":"","_VenueAddress":"","_VenueCity":"","_VenueCountry":"","_VenueProvince":"","_VenueState":"","_VenueZip":"","_VenuePhone":"","_VenueURL":"","_VenueStateProvince":"","_VenueLat":"","_VenueLng":"","_VenueShowMap":false,"_VenueShowMapLink":false,"footnotes":""},"class_list":["post-118","page","type-page","status-publish","hentry"],"yoast_head":"<!-- This site is optimized with the Yoast SEO plugin v27.2 - https:\/\/yoast.com\/product\/yoast-seo-wordpress\/ -->\n<title>Das Geschenk der F\u00fclle - Shivas Power<\/title>\n<meta name=\"robots\" content=\"index, follow, max-snippet:-1, max-image-preview:large, max-video-preview:-1\" \/>\n<link rel=\"canonical\" href=\"https:\/\/westliches-tantra.de\/shivas-power\/das_geschenk_der_fuelle\/\" \/>\n<meta property=\"og:locale\" content=\"de_DE\" \/>\n<meta property=\"og:type\" content=\"article\" \/>\n<meta property=\"og:title\" content=\"Das Geschenk der F\u00fclle - Shivas Power\" \/>\n<meta property=\"og:description\" content=\"Das Geschenk der F\u00fclle \u2013 Ein tantrischer Blick auf Reichtums- und Armutsbewusstsein Aus tantrischer Sicht ist wahres Wachstum untrennbar mit dem Fluss von Geben und Empfangen verbunden, denn wir erkennen, dass wir alle Teil&#046;&#046;&#046;\" \/>\n<meta property=\"og:url\" content=\"https:\/\/westliches-tantra.de\/shivas-power\/das_geschenk_der_fuelle\/\" \/>\n<meta property=\"og:site_name\" content=\"Shivas Power\" \/>\n<meta property=\"article:modified_time\" content=\"2025-08-08T15:08:17+00:00\" \/>\n<meta property=\"og:image\" content=\"https:\/\/westliches-tantra.de\/shivas-power\/wp-content\/uploads\/sites\/9\/2025\/08\/fuelle.png\" \/>\n\t<meta property=\"og:image:width\" content=\"1024\" \/>\n\t<meta property=\"og:image:height\" content=\"585\" \/>\n\t<meta property=\"og:image:type\" content=\"image\/png\" \/>\n<meta name=\"twitter:card\" content=\"summary_large_image\" \/>\n<meta name=\"twitter:label1\" content=\"Gesch\u00e4tzte Lesezeit\" \/>\n\t<meta name=\"twitter:data1\" content=\"4\u00a0Minuten\" \/>\n<script type=\"application\/ld+json\" class=\"yoast-schema-graph\">{\"@context\":\"https:\/\/schema.org\",\"@graph\":[{\"@type\":\"WebPage\",\"@id\":\"https:\/\/westliches-tantra.de\/shivas-power\/das_geschenk_der_fuelle\/\",\"url\":\"https:\/\/westliches-tantra.de\/shivas-power\/das_geschenk_der_fuelle\/\",\"name\":\"Das Geschenk der F\u00fclle - Shivas Power\",\"isPartOf\":{\"@id\":\"https:\/\/westliches-tantra.de\/shivas-power\/#website\"},\"primaryImageOfPage\":{\"@id\":\"https:\/\/westliches-tantra.de\/shivas-power\/das_geschenk_der_fuelle\/#primaryimage\"},\"image\":{\"@id\":\"https:\/\/westliches-tantra.de\/shivas-power\/das_geschenk_der_fuelle\/#primaryimage\"},\"thumbnailUrl\":\"https:\/\/westliches-tantra.de\/shivas-power\/wp-content\/uploads\/sites\/9\/2025\/08\/fuelle.png\",\"datePublished\":\"2025-08-07T15:19:59+00:00\",\"dateModified\":\"2025-08-08T15:08:17+00:00\",\"breadcrumb\":{\"@id\":\"https:\/\/westliches-tantra.de\/shivas-power\/das_geschenk_der_fuelle\/#breadcrumb\"},\"inLanguage\":\"de\",\"potentialAction\":[{\"@type\":\"ReadAction\",\"target\":[\"https:\/\/westliches-tantra.de\/shivas-power\/das_geschenk_der_fuelle\/\"]}]},{\"@type\":\"ImageObject\",\"inLanguage\":\"de\",\"@id\":\"https:\/\/westliches-tantra.de\/shivas-power\/das_geschenk_der_fuelle\/#primaryimage\",\"url\":\"https:\/\/westliches-tantra.de\/shivas-power\/wp-content\/uploads\/sites\/9\/2025\/08\/fuelle.png\",\"contentUrl\":\"https:\/\/westliches-tantra.de\/shivas-power\/wp-content\/uploads\/sites\/9\/2025\/08\/fuelle.png\",\"width\":1024,\"height\":585},{\"@type\":\"BreadcrumbList\",\"@id\":\"https:\/\/westliches-tantra.de\/shivas-power\/das_geschenk_der_fuelle\/#breadcrumb\",\"itemListElement\":[{\"@type\":\"ListItem\",\"position\":1,\"name\":\"Startseite\",\"item\":\"https:\/\/westliches-tantra.de\/shivas-power\/\"},{\"@type\":\"ListItem\",\"position\":2,\"name\":\"Das Geschenk der F\u00fclle\"}]},{\"@type\":\"WebSite\",\"@id\":\"https:\/\/westliches-tantra.de\/shivas-power\/#website\",\"url\":\"https:\/\/westliches-tantra.de\/shivas-power\/\",\"name\":\"Shivas Power\",\"description\":\"Der tantrische Mann \u2013 Training f\u00fcr authentische M\u00e4nnlichkeit\",\"potentialAction\":[{\"@type\":\"SearchAction\",\"target\":{\"@type\":\"EntryPoint\",\"urlTemplate\":\"https:\/\/westliches-tantra.de\/shivas-power\/?s={search_term_string}\"},\"query-input\":{\"@type\":\"PropertyValueSpecification\",\"valueRequired\":true,\"valueName\":\"search_term_string\"}}],\"inLanguage\":\"de\"}]}<\/script>\n<!-- \/ Yoast SEO plugin. -->","yoast_head_json":{"title":"Das Geschenk der F\u00fclle - Shivas Power","robots":{"index":"index","follow":"follow","max-snippet":"max-snippet:-1","max-image-preview":"max-image-preview:large","max-video-preview":"max-video-preview:-1"},"canonical":"https:\/\/westliches-tantra.de\/shivas-power\/das_geschenk_der_fuelle\/","og_locale":"de_DE","og_type":"article","og_title":"Das Geschenk der F\u00fclle - Shivas Power","og_description":"Das Geschenk der F\u00fclle \u2013 Ein tantrischer Blick auf Reichtums- und Armutsbewusstsein Aus tantrischer Sicht ist wahres Wachstum untrennbar mit dem Fluss von Geben und Empfangen verbunden, denn wir erkennen, dass wir alle Teil&#46;&#46;&#46;","og_url":"https:\/\/westliches-tantra.de\/shivas-power\/das_geschenk_der_fuelle\/","og_site_name":"Shivas Power","article_modified_time":"2025-08-08T15:08:17+00:00","og_image":[{"width":1024,"height":585,"url":"https:\/\/westliches-tantra.de\/shivas-power\/wp-content\/uploads\/sites\/9\/2025\/08\/fuelle.png","type":"image\/png"}],"twitter_card":"summary_large_image","twitter_misc":{"Gesch\u00e4tzte Lesezeit":"4\u00a0Minuten"},"schema":{"@context":"https:\/\/schema.org","@graph":[{"@type":"WebPage","@id":"https:\/\/westliches-tantra.de\/shivas-power\/das_geschenk_der_fuelle\/","url":"https:\/\/westliches-tantra.de\/shivas-power\/das_geschenk_der_fuelle\/","name":"Das Geschenk der F\u00fclle - Shivas Power","isPartOf":{"@id":"https:\/\/westliches-tantra.de\/shivas-power\/#website"},"primaryImageOfPage":{"@id":"https:\/\/westliches-tantra.de\/shivas-power\/das_geschenk_der_fuelle\/#primaryimage"},"image":{"@id":"https:\/\/westliches-tantra.de\/shivas-power\/das_geschenk_der_fuelle\/#primaryimage"},"thumbnailUrl":"https:\/\/westliches-tantra.de\/shivas-power\/wp-content\/uploads\/sites\/9\/2025\/08\/fuelle.png","datePublished":"2025-08-07T15:19:59+00:00","dateModified":"2025-08-08T15:08:17+00:00","breadcrumb":{"@id":"https:\/\/westliches-tantra.de\/shivas-power\/das_geschenk_der_fuelle\/#breadcrumb"},"inLanguage":"de","potentialAction":[{"@type":"ReadAction","target":["https:\/\/westliches-tantra.de\/shivas-power\/das_geschenk_der_fuelle\/"]}]},{"@type":"ImageObject","inLanguage":"de","@id":"https:\/\/westliches-tantra.de\/shivas-power\/das_geschenk_der_fuelle\/#primaryimage","url":"https:\/\/westliches-tantra.de\/shivas-power\/wp-content\/uploads\/sites\/9\/2025\/08\/fuelle.png","contentUrl":"https:\/\/westliches-tantra.de\/shivas-power\/wp-content\/uploads\/sites\/9\/2025\/08\/fuelle.png","width":1024,"height":585},{"@type":"BreadcrumbList","@id":"https:\/\/westliches-tantra.de\/shivas-power\/das_geschenk_der_fuelle\/#breadcrumb","itemListElement":[{"@type":"ListItem","position":1,"name":"Startseite","item":"https:\/\/westliches-tantra.de\/shivas-power\/"},{"@type":"ListItem","position":2,"name":"Das Geschenk der F\u00fclle"}]},{"@type":"WebSite","@id":"https:\/\/westliches-tantra.de\/shivas-power\/#website","url":"https:\/\/westliches-tantra.de\/shivas-power\/","name":"Shivas Power","description":"Der tantrische Mann \u2013 Training f\u00fcr authentische M\u00e4nnlichkeit","potentialAction":[{"@type":"SearchAction","target":{"@type":"EntryPoint","urlTemplate":"https:\/\/westliches-tantra.de\/shivas-power\/?s={search_term_string}"},"query-input":{"@type":"PropertyValueSpecification","valueRequired":true,"valueName":"search_term_string"}}],"inLanguage":"de"}]}},"_links":{"self":[{"href":"https:\/\/westliches-tantra.de\/shivas-power\/wp-json\/wp\/v2\/pages\/118","targetHints":{"allow":["GET"]}}],"collection":[{"href":"https:\/\/westliches-tantra.de\/shivas-power\/wp-json\/wp\/v2\/pages"}],"about":[{"href":"https:\/\/westliches-tantra.de\/shivas-power\/wp-json\/wp\/v2\/types\/page"}],"author":[{"embeddable":true,"href":"https:\/\/westliches-tantra.de\/shivas-power\/wp-json\/wp\/v2\/users\/1"}],"replies":[{"embeddable":true,"href":"https:\/\/westliches-tantra.de\/shivas-power\/wp-json\/wp\/v2\/comments?post=118"}],"version-history":[{"count":6,"href":"https:\/\/westliches-tantra.de\/shivas-power\/wp-json\/wp\/v2\/pages\/118\/revisions"}],"predecessor-version":[{"id":158,"href":"https:\/\/westliches-tantra.de\/shivas-power\/wp-json\/wp\/v2\/pages\/118\/revisions\/158"}],"wp:attachment":[{"href":"https:\/\/westliches-tantra.de\/shivas-power\/wp-json\/wp\/v2\/media?parent=118"}],"curies":[{"name":"wp","href":"https:\/\/api.w.org\/{rel}","templated":true}]}}